alse
Is 16924856449 a prime number?
True
Is 158265669043 a composite number?
False
Is 4018381091 a composite number?
False
Is 6807954119 prime?
True
Is 3636694991 a prime number?
True
Is 7167791 prime?
True
Is 4786403779 composite?
True
Is 1469680493 a prime number?
False
Is 1188162179 composite?
False
Is 4605885569 a composite number?
False
Is 878719433 composite?
False
Is 5226078619 a composite number?
True
Is 3148574269 a prime number?
False
Is 31401875489 prime?
True
Is 12600135469 composite?
True
Is 30510372857 a composite number?
False
Is 1312546307 prime?
True
Is 357357197 prime?
True
Is 2672269687 prime?
False
Is 100381907 prime?
True
Is 32270465029 a composite number?
True
Is 14677314359 composite?
False
Is 3200933317 prime?
True
Is 9313459217 a prime number?
True
Is 225305554337 composite?
False
Is 2564643799 composite?
False
Is 2356997081 a prime number?
True
Is 733955561 composite?
False
Is 251256799 prime?
True
Is 2644445141 composite?
True
Is 2786907373 prime?
True
Is 3772257605 prime?
False
Is 21654484147 composite?
False
Is 2034547085 a composite number?
True
Is 35481557711 composite?
False
Is 358094686921 a composite number?
True
Is 752603692001 prime?
False
Is 9122850833 prime?
False
Is 7686319549 prime?
False
Is 1128270707 a prime number?
False
Is 6516052139 prime?
False
Is 61498470427 a prime number?
False
Is 4847785081 a prime number?
False
Is 2776566317 a composite number?
True
Is 155500344157 composite?
True
Is 7976515621 composite?
True
Is 97669332571 composite?
True
Is 55769479 a prime number?
True
Is 2927659915 composite?
True
Is 32227470299 composite?
True
Is 12417771269 prime?
True
Is 2376994987 composite?
False
Is 30551533253 prime?
False
Is 1145013851 a prime number?
True
Is 7286566777 a prime number?
False
Is 1511913791 composite?
True
Is 82825633 a composite number?
True
Is 48745523 composite?
True
Is 987405899 a composite number?
False
Is 29741563817 a composite number?
True
Is 39006940611 composite?
True
Is 27517986773 a prime number?
False
Is 7786181677 a composite number?
True
Is 4196113289 prime?
True
Is 8711872427 a prime number?
True
Is 115977878 composite?
True
Is 11202093157 composite?
False
Is 79351529899 composite?
True
Is 79373973989 a composite number?
False
Is 351916933 prime?
True
Is 562863769 composite?
True
Is 4319595167 prime?
True
Is 1828984043 a prime number?
False
Is 100801747 a prime number?
False
Is 197281831 a prime number?
True
Is 2555645233 composite?
False
Is 7882599119 a composite number?
True
Is 201347687 a composite number?
False
Is 1770533503 a composite number?
False
Is 174591811 a composite number?
True
Is 251458178665 a composite number?
True
Is 1250666093 composite?
True
Is 4925215277 prime?
True
Is 164292523 a prime number?
True
Is 62926483 a composite number?
True
Is 12484895741 composite?
False
Is 3852414226 a composite number?
True
Is 2315479513 a prime number?
True
Is 3657261521 a prime number?
True
Is 183761933 prime?
True
Is 2636115247 a prime number?
True
Is 7807361 composite?
False
Is 11809627607 composite?
True
Is 287849 a prime number?
True
Is 89952403657 composite?
False
Is 35022535253 a composite number?
True
Is 7818218501 a prime number?
True
Is 6510714631 a prime number?
False
Is 7694923807 prime?
True
Is 4768904291 a prime number?
False
Is 1030313573 prime?
False
Is 76585393 composite?
False
Is 1231199077 a prime number?
False
Is 18013141249 composite?
True
Is 75521047543 composite?
True
Is 8929724786 a prime number?
False
Is 5227243207 a composite number?
False
Is 1292242481 composite?
False
Is 2570619901 a composite number?
False
Is 1897301827 prime?
True
Is 64290923 a prime number?
False
Is 54884131 composite?
True
Is 608790572553 a prime number?
False
Is 19287418739 a prime number?
False
Is 209553026003 a prime number?
False
Is 34286786119 prime?
False
Is 32885286757 a prime number?
True
Is 23078868913 composite?
False
Is 51370897 a composite number?
False
Is 13394851799 prime?
False
Is 2154339599 a prime number?
True
Is 7788358139 a prime number?
True
Is 1396441171 composite?
False
Is 143656157 prime?
False
Is 154117862177 a prime number?
True
Is 151856298005 prime?
False
Is 2591280806 a prime number?
False
Is 7997543 a prime number?
True
Is 37274365561 composite?
False
Is 1665437791 composite?
False
Is 6811120649 a composite number?
False
Is 31823951 a composite number?
True
Is 7776755113 a composite number?
False
Is 4491420529 prime?
False
Is 1972028843 composite?
False
Is 251194573601 a prime number?
True
Is 23977259291 composite?
True
Is 19423987411 a prime number?
True
Is 3821261545 a prime number?
False
Is 19995801181 prime?
True
Is 757229651 prime?
True
Is 45120121 a composite number?
True
Is 17748272287 a composite number?
True
Is 24920759219 a composite number?
False
Is 5525067047 a composite number?
False
Is 13491309113 prime?
False
Is 872856899 a prime number?
False
Is 994927029 composite?
True
Is 30495811 a prime number?
True
Is 43841780281 prime?
False
Is 1141747781 composite?
True
Is 39885312611 composite?
False
Is 85643591503 a prime number?
True
Is 511882169 a prime number?
True
Is 18955741153 a prime number?
False
Is 26358777847 a composite number?
False
Is 623858947 a prime number?
True
Is 1234993229 a prime number?
True
Is 882389023 composite?
True
Is 7419956413 a composite number?
True
Is 54057317 composite?
False
Is 41716859383 prime?
False
Is 270768781 a composite number?
True
Is 17468328571 a prime number?
False
Is 15626851697 prime?
True
Is 571081296467 composite?
True
Is 25110701927 a prime number?
False
Is 13497737039 a composite number?
True
Is 2466035587 a prime number?
True
Is 3418240901 a prime number?
False
Is 949999703 composite?
False
Is 12881799839 a prime number?
True
Is 66752576263 prime?
False
Is 5830281671 a prime number?
True
Is 8760308969 a prime number?
True
Is 934087127 a composite number?
False
Is 29549134781 a composite number?
True
Is 59291827171 a composite number?
False
Is 5797159931 prime?
True
Is 4945289821 a composite number?
False
Is 1184941913 a prime number?
False
Is 5787147137 a composite number?
True
Is 21063543229 composite?
False
Is 127853232509 composite?
True
Is 712565131 composite?
True
Is 21268218131 a prime number?
False
Is 118634552461 prime?
False
Is 1443041219 a composite number?
True
Is 1072850687 a composite number?
False
Is 36968988531 composite?
True
Is 99101400269 a prime number?
False
Is 637347331 prime?
True
Is 64160659 a composite number?
False
Is 13833295993 a prime number?
False
Is 4252714861 composite?
False
Is 1350015729 composite?
True
Is 8852269039 a composite number?
False
Is 11494444303 composite?
False
Is 29843479213 a prime number?
False
Is 111413227 prime?
False
Is 1410706111 prime?
True
Is 286807735223 prime?
True
Is 20254899359 composite?
True
Is 7623265483 a prime number?
True
Is 1721700481 a prime number?
True
Is 298799117 a prime number?
True
Is 216647243 prime?
True
Is 1266643957 prime?
True
Is 580777849 prime?
True
Is 1631502139 a composite number?
True
Is 5541301697 composite?
True
Is 4651544329 a prime number?
True
Is 989983433 composite?
True
Is 7872470786 prime?
False
Is 12172249979 a composite number?
True
Is 242381419 composite?
True
Is 3021210331 a prime number?
True
Is 517294409 prime?
False
Is 122530141 a prime number?
True
Is 5536620901 composite?
True
Is 6267536747 composite?
False
Is 57521713577 prime?
True
Is 93032821381 a composite number?
True
Is 20276462773 composite?
True
Is 4162167826 composite?
True
Is 534118877 prime?
True
Is 35545050209 composite?
False
Is 38597453629 a prime number?
False
Is 918760363 composite?
False
Is 112318939 prime?
False
Is 640624433 a composite number?
False
Is 10160973289 prime?
False
Is 18033744623 prime?
True
Is 38953760227 a prime number?
False
Is 14253900181 a composite number?
False
Is 11204226323 prime?
False
Is 547906147 composite?
True
Is 2056419969 prime?
False
Is 155235767 a prime number?
False
Is 11814903313 composite?
False
Is 19881558491 a prime number?
False
Is 240420161 composite?
False
Is 1933662431 composite?
False
Is 8323842701 a composite number?
True
Is 5120629313 a prime number?
False
Is 81989224363 a prime number?
False
Is 5459820659 a composite number?
True
Is 449497031 prime?
True
Is 455766436